{"id":3306,"date":"2024-11-18T09:34:30","date_gmt":"2024-11-18T07:34:30","guid":{"rendered":"https:\/\/jaasudet.fi\/?page_id=3306"},"modified":"2024-11-18T09:34:30","modified_gmt":"2024-11-18T07:34:30","slug":"liity-jaseneksi","status":"publish","type":"page","link":"https:\/\/jaasudet.fi\/?page_id=3306","title":{"rendered":"Liity j\u00e4seneksi!"},"content":{"rendered":"<p>Sivua p\u00e4ivitet\u00e4\u00e4n&#8230;<\/p>\n","protected":false},"excerpt":{"rendered":"<p>Sivua p\u00e4ivitet\u00e4\u00e4n&#8230;<\/p>\n","protected":false},"author":4,"featured_media":0,"parent":0,"menu_order":8,"comment_status":"closed","ping_status":"closed","template":"","meta":{"ngg_post_thumbnail":0,"footnotes":""},"class_list":["post-3306","page","type-page","status-publish","hentry"],"_links":{"self":[{"href":"https:\/\/jaasudet.fi\/index.php?rest_route=\/wp\/v2\/pages\/3306","targetHints":{"allow":["GET"]}}],"collection":[{"href":"https:\/\/jaasudet.fi\/index.php?rest_route=\/wp\/v2\/pages"}],"about":[{"href":"https:\/\/jaasudet.fi\/index.php?rest_route=\/wp\/v2\/types\/page"}],"author":[{"embeddable":true,"href":"https:\/\/jaasudet.fi\/index.php?rest_route=\/wp\/v2\/users\/4"}],"replies":[{"embeddable":true,"href":"https:\/\/jaasudet.fi\/index.php?rest_route=%2Fwp%2Fv2%2Fcomments&post=3306"}],"version-history":[{"count":1,"href":"https:\/\/jaasudet.fi\/index.php?rest_route=\/wp\/v2\/pages\/3306\/revisions"}],"predecessor-version":[{"id":3308,"href":"https:\/\/jaasudet.fi\/index.php?rest_route=\/wp\/v2\/pages\/3306\/revisions\/3308"}],"wp:attachment":[{"href":"https:\/\/jaasudet.fi\/index.php?rest_route=%2Fwp%2Fv2%2Fmedia&parent=3306"}],"curies":[{"name":"wp","href":"https:\/\/api.w.org\/{rel}","templated":true}]}}